 p be o(-3). Let h = p + -21. Suppose h = 3*f - 3. What are the prime factors of f?
2, 3
Let o(a) = 12*a - 4 - 1 - 2*a - a - a**2. What are the prime factors of o(6)?
13
Suppose i = -0*i - h + 7, -2*i = -h - 11. List the prime factors of i + 3/(-1) - 1.
2
Suppose -3*i = 5*j - 288, 0*j - 2*j + 112 = -2*i. What are the prime factors of j?
3, 19
Let w = -5 - -27. List the prime factors of w.
2, 11
Suppose 2*j + 5*y = -29, -4*j = y + y + 18. Let f be -1 + (1 + 2 - 5). What are the prime factors of (j + 1)/(f/69)?
23
Suppose j + 5*w = 10, -j = 3*w - 7 + 1. Let u = 7 + j. Suppose 5*f - 23 - u = 0. List the prime factors of f.
2, 3
Let c be 266*(-1)/(-2) - 0. Let f be 106/(-8)*12/(-3). Suppose 5*h + f = c. List the prime factors of h.
2
Suppose 2*t - 8 = 56. List the prime factors of t.
2
Let y = 3 + 8. What are the prime factors of y?
11
Let j(s) be the first derivative of -s**3/3 - 5*s**2/2 + 1. Let q be j(-4). Suppose -5*x + 56 = -2*p, -15 - 37 = -q*x + 4*p. List the prime factors of x.
2, 5
Suppose -3*f + 5 = -4*f. Let z be -60 + -1*0/(-3). List the prime factors of (2/f)/(3/z).
2
Suppose 3*t - 2*t = -9. Let o(j) = -j**3 + 8*j**2 + j - 4. Let r(x) = -2*x**3 + 17*x**2 + 3*x - 8. Let d(h) = t*o(h) + 4*r(h). List the prime factors of d(4).
2
Suppose 0*a + 85 = 5*a. Suppose -2*t + a = -3. Suppose -4*x + 3*b = -0*b - 19, -x + t = b. What are the prime factors of x?
7
Suppose -w - 14 = -3*w. Suppose 2*r = w + 1. Suppose 0 = 5*p - u - 4 - 1, -r*u + 24 = 2*p. What are the prime factors of p?
2
Let d = 13 - -16. What are the prime factors of d?
29
Suppose 123 + 45 = 2*n. List the prime factors of n.
2, 3, 7
List the prime factors of (336/(-4 + 0))/(1*-1).
2, 3, 7
Let m(j) = -5*j**3 - 3*j + 4*j**3 + 13*j + 2 - 6*j**2. List the prime factors of m(-8).
2, 5
Let f be (-5)/(-2)*10/5. Suppose 0 = 5*m + f*g - 70, -3*g - 69 - 9 = -5*m. What are the prime factors of m?
3, 5
Suppose l - 15 = 3. Let q be (1/(-2))/(3/(-66)). Let t = l - q. What are the prime factors of t?
7
Let l(t) = -15*t - 2. Let j be l(-2). Suppose j = -4*k - 4*h - 8, -3*k + h = 15. What are the prime factors of (k/(-5))/(4/20)?
2, 3
Suppose -2*w + 5*s + 63 = 0, 31 = w + 3*s - 6*s. Suppose -b = -3*b + w. What are the prime factors of b?
17
Let s(g) = -g**2 + 4*g + 1. Let p be s(6). Let y(n) = -4*n**3 + 1 - 10*n**2 + 3*n**3 + 9*n - 14. What are the prime factors of y(p)?
3
Let h be (-3)/24*-26*4. Let q = 70 + -49. Let y = q - h. What are the prime factors of y?
2
Let f = 4 + 0. Let r = f - -6. What are the prime factors of r?
2, 5
Let h = -696 + 162. Let f be (-1)/(-3) + h/(-18). Suppose 3*z = z + f. What are the prime factors of z?
3, 5
Let l(y) = -y**3 + y**2 - y - 3. Let r be l(0). Let z be ((-66)/r)/(2/(-4)). Let j = -27 - z. What are the prime factors of j?
17
Let r be 45/(-20) - 6/8. Let o = r - -11. What are the prime factors of o?
2
Suppose 5*t + 2*y = 274, 3*t - 4*y - 164 = -5*y. What are the prime factors of t?
2, 3
Let b = 5 + -3. Suppose n - 5*y - 9 = -2*y, -3*y = 0. Let i = b + n. List the prime factors of i.
11
Let h be 0 + -1 + 2 + -8. Let s = h - -10. Suppose -5*b - s + 23 = 0. What are the prime factors of b?
2
Let l(k) = -19*k - 4. List the prime factors of l(-8).
2, 37
List the prime factors of (-416)/(-10) - (-2)/5.
2, 3, 7
Let v = -1 + -4. Let z(m) = -m**3 - 5*m**2 + 5. Let h be z(v). Suppose 2*r + 36 = 3*i + h*r, -4*i + 4*r + 24 = 0. What are the prime factors of i?
3
Let i be (-3)/(-3)*-1 - 0. List the prime factors of i/(0 + (-3)/6).
2
Suppose 0 = -2*s + 4*s - 8. Suppose -2*x - 4*c = 12, 6*x - x + 5*c + 10 = 0. What are the prime factors of x/(-8) - (-29)/s?
7
Suppose -4*c = -3*f + 3, 5*f = -5*c + 6 - 1. What are the prime factors of -6*(f - 14/4)?
3, 5
Let t(h) = h**2 - 7*h + 6. List the prime factors of t(21).
2, 3, 5
What are the prime factors of -1 + ((-6)/(-3) - -92)?
3, 31
Let t(p) = p + 2. Let j = 3 - 3. List the prime factors of t(j).
2
Let l = 4 + -6. Let n be 27 + (l + -2 - -3). Let i = -13 + n. What are the prime factors of i?
13
Let a(h) = -h - 1. Let g be 3/(-12) + (-30)/8. Let w be a(g). Suppose w*l - z - 26 = z, 5*l - 42 = 4*z. What are the prime factors of l?
2, 5
Suppose 0 = 3*r - 5 - 10. Suppose 42 = 3*i - a, r*a + 24 = 5*i - 36. What are the prime factors of i?
3, 5
List the prime factors of -12*(-2)/4 - -1.
7
Let p(k) = -3*k + 15. Let z be p(7). Let u = z + 32. What are the prime factors of u?
2, 13
Let y(g) = 9*g - 1. Let r be y(1). Suppose t - 6*t + 5*h = -10, 2*t - h - r = 0. List the prime factors of t.
2, 3
Suppose 4*q + 0*q = 0. Suppose m - 28 = -5*i, 2*i + 2*i + 4*m - 16 = q. List the prime factors of i.
2, 3
Let x be (-11)/(-4) + 4/16. Suppose -2*s - 5*f = -22, -x*f - 55 = -s - 4*s. Suppose -s = 4*i - 35. List the prime factors of i.
2, 3
Suppose 5*i + 2 = 2*h - 0, -4*h - 2*i - 20 = 0. Let k(v) = 5*v + 12. Let m(a) = -2*a - 4. Let x(p) = 3*k(p) + 8*m(p). List the prime factors of x(h).
2
Let p(l) = 16*l**3 - l**2. Let u be p(-1). List the prime factors of -8 + 8 - (u + -1).
2, 3
Let f be ((-2)/2 - -3) + 11. Let k = f + -8. List the prime factors of k.
5
Suppose 5*k + 5*b = -140, 0 = -4*k - 5*b - 0*b - 116. List the prime factors of (148/6)/((-16)/k).
37
What are the prime factors of (260/10)/(2 + 0)?
13
List the prime factors of (-250)/(-15) + (-1)/(-3).
17
Let y(o) = o**3 - 10*o**2 + 13*o. Let n(s) = s + 5. Let r be n(4). What are the prime factors of y(r)?
2, 3
Let t = 61 + -12. What are the prime factors of t?
7
Suppose 0 = 3*y - y - 14. Let q(l) = l**2 - 4*l + 3. What are the prime factors of q(y)?
2, 3
Let l(n) = -n**2 - 8*n + 3. Let v = -9 - 0. Let u be l(v). Let k = u - -12. What are the prime factors of k?
2, 3
Suppose -5*n = z - 470, 2*n + 5*z - 376 = -2*n. List the prime factors of n.
2, 47
Suppose -2*y + 2 + 2 = 0. List the prime factors of y.
2
Let n be ((1 - 1)/2)/1. List the prime factors of -2*(-1 + n + -2).
2, 3
Let w(i) be the first derivative of 5*i**2/2 - i - 3. What are the prime factors of w(1)?
2
Suppose 4*w + 2*t = 14, -5*w + 5 + 40 = -3*t. List the prime factors of (-5 + w)/((-2)/(-48)).
2, 3
Let f(v) = v**2 + 5*v - 5. Let m be f(-7). Suppose -m = -i - 3*b - 0*b, -3*b + 12 = 2*i. Suppose i*r - 5 = 2*r. What are the prime factors of r?
5
Suppose 5*l = 4*s + 4*l - 176, l = 5*s - 219. What are the prime factors of s?
43
Suppose 5*w - w - 8 = 0. Suppose -c - 2*f = w*c - 47, -10 = 2*f. What are the prime factors of c?
19
Let d be (-30)/(-4) + 3/(-6). Suppose d*h = 3*h + 32. What are the prime factors of h?
2
Suppose 5*i - 17 = -2*u, -3*u + 5 = 2*u. Suppose -10 = 5*p + 5*j, 0 = i*p - p - 5*j + 4. What are the prime factors of (16*2 + p)/2?
3, 5
Let g be 2/6 + (-5)/15. Suppose d - 4*d + 57 = g. List the prime factors of d.
19
Let a(x) = x**3 - 26*x**2 + 4*x - 8. What are the prime factors of a(26)?
2, 3
Suppose 0 = 5*j + 3 - 43. Suppose 11*l - j*l = 51. What are the prime factors of l?
17
Let z = -4 + 5. List the prime factors of -9 + 28 + (0 - z).
2, 3
Let g be 24/(-14) + 12/(-42). Suppose y - 2*y = -1. List the prime factors of 4/(g + 4) + y.
3
Suppose 8*a = 3*a + 40. Let j(v) = 0*v + a*v**3 - v + 3*v**2 - v**2. List the prime factors of j(1).
3
Suppose 121 = u - 4*i, 3*u = 2*i + 387 + 26. What are the prime factors of u?
3, 47
Let i = -3 - -5. Suppose 2*w - 2*z = -40, -i*w = -0*w + 5*z + 12. Let c = w + 26. What are the prime factors of c?
2, 5
Let o(t) = 2*t**2 + 2*t - 1. Let h be o(-2). Suppose h = w - 25. Suppose 8 = 3*i - w. What are the prime factors of i?
2, 3
Suppose 0 = -w + 6*w + 5*x - 20, 0 = 4*x + 4. Suppose 0 = p + 2*r - 9, 2*r = -w*p + 6*r + 17. List the prime factors of p.
5
Suppose -29*l + 25*l + 668 = 0. List the prime factors of l.
167
List the prime factors of ((-6)/12)/((-4)/920).
5, 23
Let o(b) = -2*b**3 - b. Let h be o(-1). Let s be ((-3)/h*-10)/1. Suppose s = -0*u + 5*u. What are the prime factors of u?
2
Let i(s) = s**2 - s - 1. Let c be i(1). Let v be 27 - ((c - -4) + -1). Suppose v = 6*a - a. What are the prime factors of a?
5
Suppose -3*w = 2*w - 15. List the prime factors of w.
3
Suppose -5*b = t - 110, 2*t + 0*t - 176 = b. Let j = -47 + t. List the prime factors of j.
43
Suppose 4*a - 128 = 4*b, b = -0*a - a + 40. List the prime factors of a.
2, 3
Suppose -4*p - 117 = -5*u, -44 - 63 = 4*p + 5*u